ber?
True
Is 3686339 a prime number?
True
Is 1194107 prime?
False
Is 69492667 composite?
True
Is 7102237 prime?
False
Is 9216565 a prime number?
False
Is 44494 a prime number?
False
Is 6226103 a prime number?
False
Is 11577329 composite?
False
Is 6916389 composite?
True
Is 33028309 composite?
True
Is 21847667 a composite number?
True
Is 5431079 prime?
False
Is 22401397 a composite number?
False
Is 13601363 prime?
True
Is 38975417 a composite number?
True
Is 3725369 composite?
True
Is 8931859 composite?
True
Is 13724531 a prime number?
True
Is 8668459 a prime number?
True
Is 446782507 a prime number?
False
Is 77944457 prime?
True
Is 159673973 a composite number?
False
Is 9717593 a prime number?
True
Is 181876129 a prime number?
True
Is 6812629 a composite number?
False
Is 438969449 prime?
False
Is 36307807 a composite number?
False
Is 16457323 a prime number?
False
Is 432169 composite?
True
Is 554887 a prime number?
True
Is 45874229 a composite number?
False
Is 6963841 a prime number?
False
Is 2999513 a prime number?
False
Is 130804411 prime?
False
Is 149557 a prime number?
False
Is 474899 composite?
False
Is 3573229 a prime number?
False
Is 71369257 a prime number?
True
Is 5817727 a prime number?
False
Is 583727 composite?
False
Is 114057031 a prime number?
False
Is 2778719 a prime number?
False
Is 11806081 prime?
False
Is 663853 prime?
True
Is 2278817 a prime number?
False
Is 3034601 a composite number?
True
Is 2490289 composite?
True
Is 8418167 prime?
False
Is 12760103 composite?
True
Is 32465003 a composite number?
True
Is 1530744869 composite?
False
Is 877683647 prime?
True
Is 17937107 prime?
True
Is 529720403 a composite number?
False
Is 33809393 composite?
True
Is 852917 prime?
False
Is 10914073 composite?
False
Is 22743761 prime?
True
Is 919380899 composite?
False
Is 3327473 a composite number?
True
Is 162421411 prime?
False
Is 3452609 a prime number?
True
Is 145808503 composite?
False
Is 69637979 composite?
False
Is 443026699 a prime number?
True
Is 17757749 a prime number?
True
Is 6634085 a prime number?
False
Is 160029871 a prime number?
True
Is 83439947 a composite number?
False
Is 186376699 composite?
False
Is 32335229 prime?
True
Is 727001557 composite?
True
Is 2762329 a prime number?
True
Is 227616449 composite?
False
Is 13245359 a prime number?
True
Is 11967313 a composite number?
False
Is 16018427 prime?
False
Is 287984639 a prime number?
True
Is 154953439 a prime number?
False
Is 8489237 a composite number?
True
Is 368027 a composite number?
True
Is 3759199 a composite number?
False
Is 292586923 a composite number?
True
Is 4144013 composite?
True
Is 6447313 a composite number?
True
Is 19626833 composite?
True
Is 27463642 composite?
True
Is 179276623 a composite number?
False
Is 2061853 prime?
False
Is 8371001 a composite number?
True
Is 10186189 a prime number?
False
Is 88365299 prime?
False
Is 2283623 a prime number?
True
Is 7605671 a composite number?
False
Is 59964691 a composite number?
False
Is 353567 a composite number?
False
Is 194215003 a composite number?
True
Is 1064818757 composite?
False
Is 31713881 a composite number?
False
Is 106725077 a prime number?
True
Is 207215491 a prime number?
False
Is 382453979 composite?
True
Is 1468763 a prime number?
False
Is 15538291 prime?
False
Is 6066349 a composite number?
True
Is 1165053 a composite number?
True
Is 101561101 prime?
True
Is 138160961 prime?
False
Is 769716658 a prime number?
False
Is 370337063 composite?
False
Is 706603 a prime number?
True
Is 925607 a composite number?
False
Is 59902469 a composite number?
True
Is 18446893 a composite number?
False
Is 14254927 composite?
True
Is 6292901 a prime number?
True
Is 5173323 a prime number?
False
Is 2225999 a composite number?
False
Is 105108239 a prime number?
True
Is 34292843 prime?
False
Is 15886133 a composite number?
False
Is 519250421 composite?
True
Is 20318447 composite?
True
Is 692177 a composite number?
True
Is 4863119 composite?
True
Is 351881 a composite number?
True
Is 34740697 a prime number?
False
Is 36849953 a composite number?
True
Is 2492657 a prime number?
True
Is 2609069 a composite number?
False
Is 91136947 a composite number?
True
Is 27068929 composite?
True
Is 1227185 a composite number?
True
Is 376997 composite?
True
Is 148643311 a prime number?
True
Is 2216589 a prime number?
False
Is 23183 a composite number?
True
Is 5633417 a composite number?
False
Is 23289242 composite?
True
Is 49501421 composite?
False
Is 24623441 a composite number?
True
Is 519165659 composite?
True
Is 4243181 a composite number?
False
Is 389859455 a prime number?
False
Is 29577313 prime?
True
Is 14965835 prime?
False
Is 1383083153 composite?
False
Is 612445 a composite number?
True
Is 15561217 a composite number?
True
Is 47743337 a composite number?
True
Is 32668457 a prime number?
True
Is 9983959 composite?
False
Is 47561051 prime?
True
Is 36594287 a prime number?
False
Is 11615683 prime?
False
Is 1858807 prime?
True
Is 6593143 prime?
True
Is 2054821 a prime number?
True
Is 6010913 composite?
True
Is 57798173 a composite number?
False
Is 3798757 a prime number?
True
Is 983222 a composite number?
True
Is 313614049 a prime number?
False
Is 3446819 prime?
True
Is 911713 prime?
False
Is 6745121 a prime number?
True
Is 673927747 composite?
True
Is 403974133 prime?
False
Is 14649221 composite?
False
Is 11262533 a prime number?
True
Is 12400945 a composite number?
True
Is 2083001 a composite number?
False
Is 2606137 a composite number?
True
Is 175741567 a composite number?
False
Is 10907797 prime?
False
Is 31592389 a composite number?
False
Is 16214155 prime?
False
Is 1003337 a composite number?
False
Is 1516217 prime?
True
Is 3118067 prime?
True
Is 40971433 prime?
True
Is 75389429 a prime number?
True
Is 35616059 a composite number?
False
Is 28795549 composite?
True
Is 13098601 a prime number?
True
Is 577249 prime?
True
Is 1118888317 a composite number?
False
Is 106168541 prime?
False
Is 8147681 a prime number?
False
Is 2305271 prime?
True
Is 54652739 composite?
True
Is 387974863 prime?
True
Is 220305083 composite?
True
Is 80211191 composite?
True
Is 6797467 prime?
False
Is 202301519 a prime number?
False
Is 680107 a composite number?
False
Is 286905989 composite?
False
Is 8698367 prime?
False
Is 2179199 a prime number?
False
Is 15156521 prime?
True
Is 182810527 composite?
False
Is 148950067 a composite number?
True
Is 3746051 prime?
True
Is 1493003 prime?
False
Is 12259007 a composite number?
True
Is 743240539 a prime number?
True
Is 14919109 prime?
True
Is 2118581 prime?
True
Is 27235301 prime?
True
Is 1847191 a prime number?
False
Is 16672737 composite?
True
Is 14539715 composite?
True
Is 112764277 composite?
True
Is 27613522 prime?
False
Is 228763 a prime number?
False
Is 625910659 a prime number?
False
Is 282433069 a composite number?
False
Is 2639333 composite?
False
Is 28698253 a prime number?
True
Is 7360177 prime?
False
Is 31241351 a composite number?
False
Is 5846081 composite?
True
Is 110111 composite?
True
Is 106185931 a prime number?
True
Is 915767 a prime number?
False
Is 5183645 prime?
False
Is 1971103 a prime number?
False
Is 14116787 prime?
False
Is 12259523 composite?
True
Is 60606515 a prime number?
False
Is 624363 a composite number?
True
Is 5648089 composite?
True
Is 3239153 a prime number?
False
Is 215354651 composite?
False
Is 2062019 prime?
False
Is 1285691 a prime number?
False
Is 1401187 a composite number?
False
Is 9658801 prime?
False
Is 11424479 a composite number?
True
Is 34426621 a prime number?
False
Is 15403715 a prime number?
False
Is 4422433 prime?
False
Is 27436715 composite?
True
Is 63417 a composite number?
True
Is 12554335 a prime number?
False
Is 116749 prime?
False
Is 184800961 composite?
True
Is 12615721 prime?
True
Is 583207 a composite number?
False
Is 94025747 a prime number?
True
Is 67503 composite?
True
Is 7818397 a prime number?
True
Is 179777 a prime number?
False
Is 114467 a prime number?
True
Is 2978593 a composite number?
False
Is 8739455 a composite number?
True
Is 13524653 a prime number?
True
Is 110761577 composite?
False
Is 6673417 composite?
True
Is 1830377 prime?
False
Is 2825846993 prime?
True
Is 9327 a composite number?
True
Is 108698383 prime?
True
Is 6640547 p